{"id":2460,"date":"2021-10-26T16:35:40","date_gmt":"2021-10-26T14:35:40","guid":{"rendered":"https:\/\/imaxin.com\/?page_id=2460"},"modified":"2021-10-26T16:35:40","modified_gmt":"2021-10-26T14:35:40","slug":"camaracomerciosantiago","status":"publish","type":"page","link":"https:\/\/imaxin.com\/gl\/camaracomerciosantiago\/","title":{"rendered":"CamaraComercioSantiago"},"content":{"rendered":"<p>[et_pb_section bb_built=&#8221;1&#8243;][et_pb_row][et_pb_column type=&#8221;1_3&#8243;][et_pb_image _builder_version=&#8221;3.3.1&#8243; src=&#8221;https:\/\/imaxin.com\/wp-content\/uploads\/2021\/10\/UnionEuropea.jpg&#8221; \/][\/et_pb_column][et_pb_column type=&#8221;1_3&#8243;][et_pb_image _builder_version=&#8221;3.3.1&#8243; src=&#8221;https:\/\/imaxin.com\/wp-content\/uploads\/2021\/10\/CamaraSantiago.png&#8221; \/][\/et_pb_column][et_pb_column type=&#8221;1_3&#8243;][et_pb_image _builder_version=&#8221;3.3.1&#8243; src=&#8221;https:\/\/imaxin.com\/wp-content\/uploads\/2021\/10\/CamaraEspanajpg.jpg&#8221; \/][\/et_pb_column][\/et_pb_row][et_pb_row][et_pb_column type=&#8221;4_4&#8243;][et_pb_text _builder_version=&#8221;3.3.1&#8243;]<\/p>\n<p>\u201cFactor\u00eda de Software e Multimedia ha sido beneficiaria del Fondo Europeo de Desarrollo Regional cuyo objetivo es mejorar el uso y la calidad de las tecnolog\u00edas de la informaci\u00f3n y de las comunicaciones y el acceso a las mismas y gracias al que ha desarrollado la implantaci\u00f3n de un sistema de seguridad de la informaci\u00f3n para la mejora de competitividad y productividad de la empresa. 21\/10\/2021. Para ello ha contado con el apoyo del Programa Ciberseguridad de la C\u00e1mara de Comercio de Santiago de Compostela.\u201d<\/p>\n<p>Fondo Europeo de Desarrollo Regional\u00a0\u00a0 \u00a0\u00a0\u00a0\u00a0\u00a0\u00a0\u00a0\u00a0\u00a0\u00a0\u00a0\u00a0\u00a0\u00a0\u00a0\u00a0\u00a0\u00a0\u00a0\u00a0\u00a0\u00a0\u00a0\u00a0\u00a0\u00a0\u00a0\u00a0\u00a0\u00a0\u00a0\u00a0\u00a0\u00a0\u00a0\u00a0\u00a0\u00a0\u00a0\u00a0\u00a0\u00a0\u00a0Una manera de hacer Europa<\/p>\n<p>[\/et_pb_text][\/et_pb_column][\/et_pb_row][\/et_pb_section]<\/p>\n","protected":false},"excerpt":{"rendered":"<p><div class=\"et_pb_row et_pb_row_0 et_pb_row_empty\">\n\t\t\t\t\n\t\t\t\t\n\t\t\t\t\n\t\t\t\t\n\t\t\t\t\n\t\t\t<\/div><div class=\"et_pb_row et_pb_row_1 et_pb_row_empty\">\n\t\t\t\t\n\t\t\t\t\n\t\t\t\t\n\t\t\t\t\n\t\t\t\t\n\t\t\t<\/div> \u201cFactor\u00eda de Software e Multimedia ha sido beneficiaria del Fondo Europeo de Desarrollo Regional cuyo objetivo es mejorar el uso y la calidad de las tecnolog\u00edas de la informaci\u00f3n y de las comunicaciones y el acceso a las mismas y gracias al que ha desarrollado la implantaci\u00f3n de un sistema de seguridad de la [&hellip;]<\/p>\n","protected":false},"author":1,"featured_media":0,"parent":0,"menu_order":0,"comment_status":"closed","ping_status":"closed","template":"","meta":{"_et_pb_use_builder":"on","_et_pb_old_content":"","_et_gb_content_width":""},"_links":{"self":[{"href":"https:\/\/imaxin.com\/gl\/wp-json\/wp\/v2\/pages\/2460"}],"collection":[{"href":"https:\/\/imaxin.com\/gl\/wp-json\/wp\/v2\/pages"}],"about":[{"href":"https:\/\/imaxin.com\/gl\/wp-json\/wp\/v2\/types\/page"}],"author":[{"embeddable":true,"href":"https:\/\/imaxin.com\/gl\/wp-json\/wp\/v2\/users\/1"}],"replies":[{"embeddable":true,"href":"https:\/\/imaxin.com\/gl\/wp-json\/wp\/v2\/comments?post=2460"}],"version-history":[{"count":2,"href":"https:\/\/imaxin.com\/gl\/wp-json\/wp\/v2\/pages\/2460\/revisions"}],"predecessor-version":[{"id":2468,"href":"https:\/\/imaxin.com\/gl\/wp-json\/wp\/v2\/pages\/2460\/revisions\/2468"}],"wp:attachment":[{"href":"https:\/\/imaxin.com\/gl\/wp-json\/wp\/v2\/media?parent=2460"}],"curies":[{"name":"wp","href":"https:\/\/api.w.org\/{rel}","templated":true}]}}

<p>[et_pb_section bb_built=&#8221;1&#8243;][et_pb_row][et_pb_column type=&#8221;1_3&#8243;][et_pb_image _builder_version=&#8221;3.3.1&#8243; src=&#8221;https://imaxin.com/wp-content/uploads/2021/10/UnionEuropea.jpg&#8221; /][/et_pb_column][et_pb_column type=&#8221;1_3&#8243;][et_pb_image _builder_version=&#8221;3.3.1&#8243; src=&#8221;https://imaxin.com/wp-content/uploads/2021/10/CamaraSantiago.png&#8221; /][/et_pb_column][et_pb_column type=&#8221;1_3&#8243;][et_pb_image _builder_version=&#8221;3.3.1&#8243; src=&#8221;https://imaxin.com/wp-content/uploads/2021/10/CamaraEspanajpg.jpg&#8221; /][/et_pb_column][/et_pb_row][et_pb_row][et_pb_column type=&#8221;4_4&#8243;][et_pb_text _builder_version=&#8221;3.3.1&#8243;]</p>
<p>“Factoría de Software e Multimedia ha sido beneficiaria del Fondo Europeo de Desarrollo Regional cuyo objetivo es mejorar el uso y la calidad de las tecnologías de la información y de las comunicaciones y el acceso a las mismas y gracias al que ha desarrollado la implantación de un sistema de seguridad de la información para la mejora de competitividad y productividad de la empresa. 21/10/2021. Para ello ha contado con el apoyo del Programa Ciberseguridad de la Cámara de Comercio de Santiago de Compostela.”</p>
<p>Fondo Europeo de Desarrollo Regional                                              Una manera de hacer Europa</p>
<p>[/et_pb_text][/et_pb_column][/et_pb_row][/et_pb_section]</p>

<p><div class="et_pb_row et_pb_row_0 et_pb_row_empty">
				
				
				
				
				
			</div><div class="et_pb_row et_pb_row_1 et_pb_row_empty">
				
				
				
				
				
			</div> “Factoría de Software e Multimedia ha sido beneficiaria del Fondo Europeo de Desarrollo Regional cuyo objetivo es mejorar el uso y la calidad de las tecnologías de la información y de las comunicaciones y el acceso a las mismas y gracias al que ha desarrollado la implantación de un sistema de seguridad de la [&hellip;]</p>
